{"id":4197,"date":"2024-02-29T10:21:06","date_gmt":"2024-02-29T02:21:06","guid":{"rendered":"https:\/\/www.flsiot.com\/?post_type=product&#038;p=4197"},"modified":"2024-03-18T17:24:01","modified_gmt":"2024-03-18T09:24:01","slug":"te0782-02-82i33ma","status":"publish","type":"product","link":"https:\/\/www.flsiot.com\/index.php\/product\/te0782-02-82i33ma\/","title":{"rendered":"TE0782-02-82I33MA"},"content":{"rendered":"<ul>\n<li>AMD\/Xilinx Zynq\u2122 7035 SoC XC7Z035-2FFG900I<\/li>\n<li>Stossfest und vibrationsresistent<\/li>\n<li>Dual ARM Cortex-A9 MPCore<\/li>\n<li>Echtzeituhr<\/li>\n<li>2 x Hi-Speed USB2.0 ULPI Transceiver PHY<\/li>\n<li>2 x Gigabit Ethernet Transceiver PHY<\/li>\n<li>2 x Ethernet MAC\u00a0Adresse EEPROM<\/li>\n<li>1 GByte DDR3 SDRAM<\/li>\n<li>32 MByte QSPI Flash-Speicher<\/li>\n<li>8\u00a0GByte e.MMC (optional\u00a0bis 64 GByte)<\/li>\n<li>optional 2 x 8 MByte HyperRAM (max 2 x 32 MByte HyperRAM)<br data-filtered=\"filtered\" \/>Cypress HyperRAM\u00a0<a href=\"http:\/\/www.cypress.com\/products\/hyperram-memory\" target=\"_blank\" rel=\"noopener noreferrer\">http:\/\/www.cypress.com\/products\/hyperram-memory<\/a><\/li>\n<li>Si5338 PLL\u00a0f\u00fcr GTX clocking<\/li>\n<li>Plug-on-Modul mit\u00a03 x 160-Pin High-Speed strips<\/li>\n<li>16 GTX high-performance tranceiver lanes , GTX Hochleistungs-Transceiver Clock-Input<\/li>\n<li>254 FPGA Ein-\/Ausg\u00e4nge (125 LVDS Paare)\u00a0verf\u00fcgbar\u00a0auf Board2Board-Verbindungen<\/li>\n<li>On-board Hochleistungs-DC-DC-Wandler<\/li>\n<li>System-Management und Power-Sequencing<\/li>\n<li>eFUSE Bit-Stream Verschl\u00fcsselung<\/li>\n<li>AES Bit-Stream Verschl\u00fcsselung<\/li>\n<li>Gleichm\u00e4\u00dfig verteilte Versorgungspins erm\u00f6glichen eine gute Signalintegrit\u00e4t<\/li>\n<\/ul>\n","protected":false},"excerpt":{"rendered":"<p>AMD\/Xilinx Zynq\u2122 7035 SoC XC7Z035-2FFG900I Stossfest un &hellip;<\/p>\n<p class=\"read-more\"> <a class=\"\" href=\"https:\/\/www.flsiot.com\/index.php\/product\/te0782-02-82i33ma\/\"> <span class=\"screen-reader-text\">TE0782-02-82I33MA<\/span> Read More \u00bb<\/a><\/p>\n","protected":false},"featured_media":4261,"template":"","meta":{"site-sidebar-layout":"default","site-content-layout":"","ast-site-content-layout":"default","site-content-style":"default","site-sidebar-style":"default","ast-global-header-display":"","ast-banner-title-visibility":"","ast-main-header-display":"","ast-hfb-above-header-display":"","ast-hfb-below-header-display":"","ast-hfb-mobile-header-display":"","site-post-title":"","ast-breadcrumbs-content":"","ast-featured-img":"","footer-sml-layout":"","theme-transparent-header-meta":"default","adv-header-id-meta":"","stick-header-meta":"default","header-above-stick-meta":"","header-main-stick-meta":"","header-below-stick-meta":"","astra-migrate-meta-layouts":"set","ast-page-background-enabled":"default","ast-page-background-meta":{"desktop":{"background-color":"","background-image":"","background-repeat":"repeat","background-position":"center center","background-size":"auto","background-attachment":"scroll","background-type":"","background-media":"","overlay-type":"","overlay-color":"","overlay-gradient":""},"tablet":{"background-color":"","background-image":"","background-repeat":"repeat","background-position":"center center","background-size":"auto","background-attachment":"scroll","background-type":"","background-media":"","overlay-type":"","overlay-color":"","overlay-gradient":""},"mobile":{"background-color":"","background-image":"","background-repeat":"repeat","background-position":"center center","background-size":"auto","background-attachment":"scroll","background-type":"","background-media":"","overlay-type":"","overlay-color":"","overlay-gradient":""}},"ast-content-background-meta":{"desktop":{"background-color":"var(--ast-global-color-5)","background-image":"","background-repeat":"repeat","background-position":"center center","background-size":"auto","background-attachment":"scroll","background-type":"","background-media":"","overlay-type":"","overlay-color":"","overlay-gradient":""},"tablet":{"background-color":"var(--ast-global-color-5)","background-image":"","background-repeat":"repeat","background-position":"center center","background-size":"auto","background-attachment":"scroll","background-type":"","background-media":"","overlay-type":"","overlay-color":"","overlay-gradient":""},"mobile":{"background-color":"var(--ast-global-color-5)","background-image":"","background-repeat":"repeat","background-position":"center center","background-size":"auto","background-attachment":"scroll","background-type":"","background-media":"","overlay-type":"","overlay-color":"","overlay-gradient":""}}},"product_cat":[65],"product_tag":[],"class_list":{"0":"post-4197","1":"product","2":"type-product","3":"status-publish","4":"has-post-thumbnail","6":"product_cat-trenz","7":"desktop-align-center","8":"tablet-align-left","9":"mobile-align-left","10":"ast-product-gallery-layout-horizontal-slider","11":"ast-product-gallery-with-no-image","12":"ast-product-tabs-layout-horizontal","14":"first","15":"instock","16":"shipping-taxable","17":"product-type-simple"},"_links":{"self":[{"href":"https:\/\/www.flsiot.com\/index.php\/wp-json\/wp\/v2\/product\/4197","targetHints":{"allow":["GET"]}}],"collection":[{"href":"https:\/\/www.flsiot.com\/index.php\/wp-json\/wp\/v2\/product"}],"about":[{"href":"https:\/\/www.flsiot.com\/index.php\/wp-json\/wp\/v2\/types\/product"}],"wp:featuredmedia":[{"embeddable":true,"href":"https:\/\/www.flsiot.com\/index.php\/wp-json\/wp\/v2\/media\/4261"}],"wp:attachment":[{"href":"https:\/\/www.flsiot.com\/index.php\/wp-json\/wp\/v2\/media?parent=4197"}],"wp:term":[{"taxonomy":"product_cat","embeddable":true,"href":"https:\/\/www.flsiot.com\/index.php\/wp-json\/wp\/v2\/product_cat?post=4197"},{"taxonomy":"product_tag","embeddable":true,"href":"https:\/\/www.flsiot.com\/index.php\/wp-json\/wp\/v2\/product_tag?post=4197"}],"curies":[{"name":"wp","href":"https:\/\/api.w.org\/{rel}","templated":true}]}}